{"id":178,"date":"2025-09-25T15:59:33","date_gmt":"2025-09-25T13:59:33","guid":{"rendered":"https:\/\/circotherapie-pitreries.fr\/?page_id=178"},"modified":"2026-04-24T10:38:08","modified_gmt":"2026-04-24T08:38:08","slug":"specialites-ete","status":"publish","type":"page","link":"https:\/\/circotherapie-pitreries.fr\/index.php\/pole-loisir\/stages\/specialites\/specialites-ete\/","title":{"rendered":"Sp\u00e9cialit\u00e9s &#8211; Et\u00e9"},"content":{"rendered":"\n<p>Nouveau Stage AERIEN sur toute la semaine<\/p>\n\n\n\n<iframe id=\"haWidgetVignette\" allowtransparency=\"true\" src=\"https:\/\/www.helloasso.com\/associations\/centre-de-circo-therapie-pitreries\/evenements\/stage-aerien-trapeze-tissus-cerceau-hamac-du-24-au-28-aout-2026\/widget-vignette\" style=\"width: 350px; height: 450px; border: none;\"><\/iframe>\n","protected":false},"excerpt":{"rendered":"<p>Nouveau Stage AERIEN sur toute la semaine<\/p>\n","protected":false},"author":1,"featured_media":0,"parent":130,"menu_order":4,"comment_status":"closed","ping_status":"closed","template":"","meta":{"footnotes":""},"class_list":["post-178","page","type-page","status-publish","hentry"],"_links":{"self":[{"href":"https:\/\/circotherapie-pitreries.fr\/index.php\/wp-json\/wp\/v2\/pages\/178","targetHints":{"allow":["GET"]}}],"collection":[{"href":"https:\/\/circotherapie-pitreries.fr\/index.php\/wp-json\/wp\/v2\/pages"}],"about":[{"href":"https:\/\/circotherapie-pitreries.fr\/index.php\/wp-json\/wp\/v2\/types\/page"}],"author":[{"embeddable":true,"href":"https:\/\/circotherapie-pitreries.fr\/index.php\/wp-json\/wp\/v2\/users\/1"}],"replies":[{"embeddable":true,"href":"https:\/\/circotherapie-pitreries.fr\/index.php\/wp-json\/wp\/v2\/comments?post=178"}],"version-history":[{"count":5,"href":"https:\/\/circotherapie-pitreries.fr\/index.php\/wp-json\/wp\/v2\/pages\/178\/revisions"}],"predecessor-version":[{"id":897,"href":"https:\/\/circotherapie-pitreries.fr\/index.php\/wp-json\/wp\/v2\/pages\/178\/revisions\/897"}],"up":[{"embeddable":true,"href":"https:\/\/circotherapie-pitreries.fr\/index.php\/wp-json\/wp\/v2\/pages\/130"}],"wp:attachment":[{"href":"https:\/\/circotherapie-pitreries.fr\/index.php\/wp-json\/wp\/v2\/media?parent=178"}],"curies":[{"name":"wp","href":"https:\/\/api.w.org\/{rel}","templated":true}]}}