{"id":117,"date":"2025-09-25T15:41:53","date_gmt":"2025-09-25T13:41:53","guid":{"rendered":"https:\/\/circotherapie-pitreries.fr\/?page_id=117"},"modified":"2026-03-26T12:50:41","modified_gmt":"2026-03-26T11:50:41","slug":"activites","status":"publish","type":"page","link":"https:\/\/circotherapie-pitreries.fr\/index.php\/pole-loisir\/activites\/","title":{"rendered":"Activit\u00e9s"},"content":{"rendered":"\n<div class=\"wp-block-group is-nowrap is-layout-flex wp-container-core-group-is-layout-ad2f72ca wp-block-group-is-layout-flex\">\n<div class=\"wp-block-group is-layout-grid wp-container-core-group-is-layout-baef362d wp-block-group-is-layout-grid\">\n<p class=\"has-global-color-9-background-color has-background wp-container-content-5958aaa2\" style=\"border-radius:10px;font-size:18px\"><strong>Pour les petits comme pour les grands, les sp\u00e9cialit\u00e9s que nous proposons s\u2019adaptent aux capacit\u00e9s de nos artistes amateurs.<\/strong><\/p>\n\n\n\n<div class=\"wp-block-buttons is-content-justification-right is-layout-flex wp-container-core-buttons-is-layout-818a2fee wp-block-buttons-is-layout-flex\" style=\"padding-right:var(--wp--preset--spacing--80);padding-left:var(--wp--preset--spacing--80)\">\n<div class=\"wp-block-button\"><a class=\"wp-block-button__link has-light-green-cyan-background-color has-background wp-element-button\" href=\"https:\/\/circotherapie-pitreries.fr\/index.php\/pole-loisir\/\" style=\"border-radius:60px\">Retour<\/a><\/div>\n<\/div>\n<\/div>\n<\/div>\n\n\n\n<div class=\"wp-block-group has-global-color-9-color has-text-color has-background has-link-color wp-elements-306d13635a9380afb00b8de1d1fe9323 is-layout-grid wp-container-core-group-is-layout-9649a0d9 wp-block-group-is-layout-grid\" style=\"border-radius:10px;background:linear-gradient(135deg,rgb(255,206,236) 16%,rgb(152,150,240) 100%)\">\n<div class=\"wp-block-group has-vivid-purple-color has-text-color has-link-color wp-elements-b346ac79d15774c60e6cf64f4ca48b82 wp-container-content-69bc4bdf is-vertical is-layout-flex wp-container-core-group-is-layout-7a486e5d wp-block-group-is-layout-flex\" style=\"border-style:none;border-width:0px;margin-top:0;margin-bottom:0;padding-top:0;padding-bottom:0\">\n<h2 class=\"wp-block-heading has-text-align-center has-vivid-purple-color has-text-color has-link-color has-large-font-size wp-elements-30db9fed0c6a4db3d9c15ec855914b01\">Famille Equilibre sur Objet<\/h2>\n\n\n\n<p>Boules \/ Tonneaux<\/p>\n\n\n\n<p><span style=\"font-size: revert; background-color: initial;\">Acrobatiques \u00e0 2 ou 4 roues<\/span><\/p>\n\n\n\n<p><span style=\"font-size: revert; background-color: initial;\">Monocycle \/ Monocycle girafes \/ Roue Ultime<\/span><\/p>\n\n\n\n<p><span style=\"font-size: revert; background-color: initial;\">Fils autonomes 50cm \/ 100cm<\/span><\/p>\n\n\n\n<p><span style=\"font-size: revert; background-color: initial;\">Echasses \u00e0 seaux, \u00e0 bras, avec prolongateur<\/span><\/p>\n\n\n\n<p><span style=\"font-size: revert; background-color: initial;\">Rolla-bolla ; Basculos<\/span> ; Bilibos ; Skiss<\/p>\n<\/div>\n\n\n\n<div class=\"wp-block-group has-vivid-purple-color has-text-color has-link-color wp-elements-7663a87243bb896ecb3ecd79f3e81bed is-vertical is-layout-flex wp-container-core-group-is-layout-7dbc6095 wp-block-group-is-layout-flex\">\n<p class=\"has-vivid-purple-color has-text-color has-link-color has-medium-font-size wp-elements-4111628bb5bae6460aa29231cadeb356\"><strong>Famille Jonglerie<\/strong><\/p>\n\n\n\n<ul class=\"wp-block-list\">\n<li>Foulards ; Balles ; Massues ; Anneaux ; Assiettes chinoises ; B\u00e2tons du diable ; Diabolos ; Balles rebond ; Bo\u00eetes \u00e0 cigares ; Chapeaux ; Bolas<\/li>\n<\/ul>\n<\/div>\n\n\n\n<div class=\"wp-block-group is-vertical is-layout-flex wp-container-core-group-is-layout-8cf370e7 wp-block-group-is-layout-flex\">\n<p class=\"has-vivid-purple-color has-text-color has-link-color wp-elements-8dd3f8e12f4cb84f2e1421a06b34b7a8 wp-container-content-69bc4bdf\"><strong>Famille AERIEN<\/strong> <\/p>\n\n\n\n<p class=\"has-black-color has-text-color has-link-color wp-elements-637a4a36eb49218924fce23622ac5243 wp-container-content-69bc4bdf\">Trap\u00e8ze fixe ; <span style=\"font-size: revert; background-color: initial; color: initial;\">Corde lisse ; Cerceaux a\u00e9riens ; Tissus ; Sangles a\u00e9riennes ; Corde volante ; Corde \u00e0 staff<\/span> ; M\u00e2t chinois<\/p>\n<\/div>\n\n\n\n<p class=\"has-vivid-purple-color has-text-color has-link-color wp-elements-2964402915a2822d39998fb59d6510c1 wp-container-content-69bc4bdf\"><\/p>\n\n\n\n<p class=\"has-vivid-purple-color has-text-color has-link-color wp-elements-2964402915a2822d39998fb59d6510c1 wp-container-content-69bc4bdf\"><\/p>\n\n\n\n<p><\/p>\n\n\n\n<div class=\"wp-block-group wp-container-content-69bc4bdf is-vertical is-layout-flex wp-container-core-group-is-layout-99106b77 wp-block-group-is-layout-flex\" style=\"padding-top:0;padding-bottom:0\">\n<p><\/p>\n<\/div>\n<\/div>\n","protected":false},"excerpt":{"rendered":"<p>Pour les petits comme pour les grands, les sp\u00e9cialit\u00e9s que nous proposons s\u2019adaptent aux capacit\u00e9s de nos artistes amateurs. Famille Equilibre sur Objet Boules \/ Tonneaux Acrobatiques \u00e0 2 ou 4 roues Monocycle \/ Monocycle girafes \/ Roue Ultime Fils autonomes 50cm \/ 100cm Echasses \u00e0 seaux, \u00e0 bras, avec prolongateur Rolla-bolla ; Basculos ; Bilibos ; Skiss Famille Jonglerie Famille AERIEN Trap\u00e8ze fixe ; Corde lisse ; Cerceaux a\u00e9riens ; Tissus ; Sangles a\u00e9riennes ; Corde volante ; Corde \u00e0 staff ; M\u00e2t chinois<\/p>\n","protected":false},"author":1,"featured_media":0,"parent":18,"menu_order":2,"comment_status":"closed","ping_status":"closed","template":"","meta":{"footnotes":""},"class_list":["post-117","page","type-page","status-publish","hentry"],"_links":{"self":[{"href":"https:\/\/circotherapie-pitreries.fr\/index.php\/wp-json\/wp\/v2\/pages\/117","targetHints":{"allow":["GET"]}}],"collection":[{"href":"https:\/\/circotherapie-pitreries.fr\/index.php\/wp-json\/wp\/v2\/pages"}],"about":[{"href":"https:\/\/circotherapie-pitreries.fr\/index.php\/wp-json\/wp\/v2\/types\/page"}],"author":[{"embeddable":true,"href":"https:\/\/circotherapie-pitreries.fr\/index.php\/wp-json\/wp\/v2\/users\/1"}],"replies":[{"embeddable":true,"href":"https:\/\/circotherapie-pitreries.fr\/index.php\/wp-json\/wp\/v2\/comments?post=117"}],"version-history":[{"count":26,"href":"https:\/\/circotherapie-pitreries.fr\/index.php\/wp-json\/wp\/v2\/pages\/117\/revisions"}],"predecessor-version":[{"id":852,"href":"https:\/\/circotherapie-pitreries.fr\/index.php\/wp-json\/wp\/v2\/pages\/117\/revisions\/852"}],"up":[{"embeddable":true,"href":"https:\/\/circotherapie-pitreries.fr\/index.php\/wp-json\/wp\/v2\/pages\/18"}],"wp:attachment":[{"href":"https:\/\/circotherapie-pitreries.fr\/index.php\/wp-json\/wp\/v2\/media?parent=117"}],"curies":[{"name":"wp","href":"https:\/\/api.w.org\/{rel}","templated":true}]}}